 j(t) = 184*t - 803. What is the units digit of j(24)?
3
Suppose -2*h = 3*f + f - 26, -2*f - 5*h = -1. Let q(c) = c**2 - 13*c - 20. Let x be q(-7). What is the tens digit of -45*((-50)/x + (-2)/f)?
3
Let u(z) = -118*z**3 + 9*z**2 + 10*z - 6. Let q be u(-3). Suppose -15054 - q = -15*i. What is the thousands digit of i?
1
Suppose -14*o = -12*o. Suppose o = -m + 4 - 1. Suppose m*h - 9 = 3. What is the units digit of h?
4
Suppose -4*y + 13 + 7 = v, -4*v + 152 = -2*y. Suppose 4*q = -v - 44. What is the tens digit of 12/(-6) + q/(-1)?
1
Let m(s) = 1406*s + 100. Let f be m(6). Suppose -6*i = -f + 2428. What is the tens digit of i?
1
Suppose -65 = q - 4*i, 4*q + i + 212 = 5*i. Let c = 3450 + -3467. Let l = c - q. What is the tens digit of l?
3
Let g(i) = -i**3 + 6*i**2 + 7*i + 3. Let q be g(7). Let c be 0 + -5 + -1 + 717. Suppose -q*o + c = 6*o. What is the tens digit of o?
7
Let m be (-47 + 1 - -1)*-1. Let u = -43 + m. Suppose -u*l = -4*l + 6. What is the units digit of l?
3
Suppose -8 + 14 = 3*v. Let i be v + ((-2783)/(-6) - 3/(-18)). Suppose 5*p - 229 = i. What is the hundreds digit of p?
1
Let x(m) = -m**2 + 12*m + 57. Let t be x(16). Let f(d) = -132*d + 67. What is the units digit of f(t)?
1
Let c(o) be the second derivative of -7*o**3/6 - 17*o**2/2 - 11*o. Let z be c(-4). Suppose z = 4*w - 53. What is the units digit of w?
6
Suppose -j + 3*k = -9, 0*j - 3*j - 5*k = 1. Let f = 0 - j. Let v(a) = -28*a + 6. What is the units digit of v(f)?
0
Let v(a) = a**2 + 10*a + 20. Let f be v(-2). Suppose -2*y + f*o = -1230, 0 = 4*y - y - 2*o - 1849. What is the hundreds digit of y?
6
Let b(q) = -5*q - 4. Let w be b(-1). Let k be (-4 + -2)/(1 - w - 1). What is the units digit of -2 - 2*((-321)/k + 3)?
9
Suppose -6*l + 8*l - 10 = 0. Suppose -9*g = -23 + l. What is the tens digit of 96/(g - 4)*(0 - 1)?
4
Let f be -2*3/(-12)*(3 - -11). Let c be (f - -17) + (-1 - 1). Suppose -b + 145 = c. What is the hundreds digit of b?
1
Let a(g) = -5*g + 28. Let u(m) = 4*m - 27. Let x(t) = -3*a(t) - 4*u(t). Let n = 897 + -877. What is the units digit of x(n)?
4
Let c be (-12)/5*(-7 - -2). What is the hundreds digit of (-1095)/(-4) + (0 - (-3)/c)?
2
Let v(w) be the first derivative of 2*w**3/3 + 10*w**2 + 6*w + 10. What is the hundreds digit of v(-28)?
0
Let d(c) = -6*c**2 - 27*c - 10. Let v be d(-18). What is the tens digit of 19/(-171) - v/9?
6
Suppose 59*o + 43826 = 62*o + 4*v, 0 = 2*o + 3*v - 29217. What is the hundreds digit of o?
6
Let k be (-173)/(-9) - -2*3/(-27). Suppose 2351 = 10*f - 2269. Suppose 0 = -k*x + 12*x + f. What is the units digit of x?
6
Suppose 0 = -63*n + 58*n - 140. What is the hundreds digit of (-4980)/(-14) + 6 + 160/n?
3
Suppose -72 = -4*j - 4*x, -2*j - 4*x + 88 = 3*j. Suppose -j = 4*t - 0*q + 4*q, 5*t - 4*q + 2 = 0. What is the units digit of 425/5 - -4*1/t?
3
Suppose 4*r = 20, 2*o + 1263*r = 1258*r + 47239. What is the thousands digit of o?
3
Suppose -98526 = -3*s + 4*y, -1387*s - 65692 = -1389*s + 4*y. What is the tens digit of s?
3
Let t be (-1)/5 + 174/(-30). Let n be 12/(-3 - t) - 19. What is the units digit of (n/12)/5*-92?
3
Suppose 2*a - 3*f - 17100 = 53207, 3*f + 175736 = 5*a. What is the ten thousands digit of a?
3
Suppose 0*r + 8*r - 112 = 0. Let k = 16 - r. Suppose 4*n + 0*n = k*q - 166, 3*n - 285 = -3*q. What is the units digit of q?
1
Suppose -4*h + 1 = -5*h, -2*i + 19053 = 3*h. What is the tens digit of i?
2
Suppose -c - 107 = 139. Let t = c + 418. Suppose -t = -2*k + 140. What is the hundreds digit of k?
1
Let m(f) = -131*f - 24. Let h be m(-7). Let j = h + -581. What is the tens digit of j?
1
Let j be (-11)/(-44) + 19/4. Suppose 0*g - j*g + 620 = 0. Let r = g + -14. What is the tens digit of r?
1
Let i(j) = -2*j**3 - 6*j**2 - 4*j + 2. Let s be i(-3). What is the hundreds digit of 17928/s - 75/(-175)?
2
Let l(o) = -8*o**3 + 14*o**2 - 28*o - 376. What is the hundreds digit of l(-10)?
3
Let a be ((-137)/9)/(-1) - (-2)/(-9). Suppose -11*u + a*u - 72 = 0. Suppose -270 = 15*i - u*i. What is the tens digit of i?
9
Let i = 343 - 69. Let d = 488 - i. What is the tens digit of d?
1
Let i = 3479 - -929. What is the thousands digit of i?
4
Let c = 4691 + -2317. Let s = -815 + c. What is the thousands digit of s?
1
Suppose 8*n - 550 = 3*n. Suppose w - 535 = -n. Suppose j + 3*p = 147, -j + 4*j + p - w = 0. What is the hundreds digit of j?
1
Let v(x) = 3*x**3 - 5*x**2 + x + 2. Let u = -3 + 8. What is the tens digit of v(u)?
5
Suppose -18*o = -34 - 2. Suppose -z + 4*s = 4*z + 7, o*z - 3*s = 0. Let x = 101 + z. What is the tens digit of x?
9
Suppose -t - 2*d - 10 = 0, 4*t - 11 = 3*d + 4. Suppose t = -12*u + 1171 + 2381. What is the tens digit of u?
9
Suppose 0 = 20*c - 5*c. Let z be (c - -1)*(-2 + 1) - -10. What is the units digit of (309/z)/((-2)/(-6))?
3
Suppose -4*l + i = -96223, 12*l - 14*l + 48110 = -2*i. What is the units digit of l?
6
Suppose -23*w - 3*w + 286 = 0. Suppose -w*v + 2568 = -8839. What is the units digit of v?
7
Suppose 19098 = -78*o + 96*o. What is the hundreds digit of o?
0
Suppose -3*c = -5 + 11. Let w = c + 4. Suppose -4*i = a - 2*i + 3, 0 = 5*a + w*i - 1. What is the units digit of a?
1
Suppose -4*a + 26 = 5*x, 0 = -x + 3*a + 9. Suppose x*o - 430 = o. What is the units digit of o?
6
Let d = 262 + -259. Let o = -32 - -34. Suppose 2*n = -o*c + 550, -n + 936 = d*c + 101. What is the units digit of c?
0
What is the units digit of (-6)/30*(-523360)/16?
2
Let q = -34 + 31. Let w be q/2*72/(-27). What is the units digit of w + (6 - -2) + -4?
8
Suppose 8*t - 8240 = 14719 + 3321. What is the tens digit of t?
8
Let y = -12545 + 21939. What is the hundreds digit of y?
3
Let s be (4/6)/(12/90). Let q = -10 + s. Let v(b) = -2*b**3 - 6*b**2 + 9*b + 8. What is the units digit of v(q)?
3
Suppose -2*n + 25 = -f, -25 = 6*f - f. Let c(h) = -h**3 + 11*h**2 - 12*h + 25. Let p be c(n). Suppose -15 = -p*z + 4*z. What is the units digit of z?
5
Suppose -39 = n - m, 0 = -6*n + 5*n - 4*m - 34. Let q = 42 + n. Suppose -4*d + 384 = q*w, -4*d = 2*w - 248 + 62. What is the tens digit of w?
9
What is the units digit of 36744/28 - (-82)/(-287)?
2
Let b be (-1)/(6/(-12)) + 4. Suppose 3*j - u = -b*u + 1131, -4*u + 1885 = 5*j. What is the units digit of j?
7
Let p = 23355 - 15624. What is the units digit of p?
1
Suppose 197*k - 3973999 = 6216220. What is the units digit of k?
7
Suppose 6*u - 8*u = 8, -2*d = -u - 12. Let f(o) = 8 - o**3 + d + 10*o - 2*o + 7*o - 3*o**2. What is the tens digit of f(-6)?
3
Let s be -1 - ((-4)/1 - 0). Suppose 32*x + s*z = 27*x + 3165, 0 = -2*x + 3*z + 1266. What is the hundreds digit of x?
6
Let w = -118 - -120. What is the units digit of (w/(6/(-39)))/(-1)?
3
Suppose -3*g + 639 = 2*q, 664 = 2*q + 23*g - 25*g. Let m = 474 - q. What is the hundreds digit of m?
1
Suppose k - b - 3289 = 0, -k + 2*b = -5682 + 2393. What is the tens digit of k?
8
What is the ten thousands digit of ((-96)/15 - -6) + (-2847896)/(-40)?
7
Suppose -5379792 = -101*y + 32*y. What is the thousands digit of y?
7
Suppose 14*g = -40308 + 97260. Suppose -5*t + 2157 + g = 0. What is the hundreds digit of t?
2
Suppose -4*z - 3*j = -2*z + 17, -z = -3*j - 5. Let t be 0 + (-16)/z + 76. Suppose -1 = -i + t. What is the units digit of i?
1
Suppose 0 = 2*t - 2*a - 6220, -t - 2*a - 574 = -3672. What is the hundreds digit of t?
1
Let m(y) = 4*y**3 + 4*y**2 - 4*y + 10. Let r be m(2). What is the tens digit of 11577/18 - r/(-60)?
4
Let j(l) = -2*l + 4 - 4 + 111*l**2. Let p(h) = -h**3 + 7*h**2 + 9*h - 9. Let x be p(8). What is the tens digit of j(x)?
1
Let t = -95 - -60. Let u = -29 - t. What is the tens digit of u/(-2)*80/(-6)?
4
What is the tens digit of 1293574/174 - 12/9?
3
Suppose 5*n + 4*y = 29291 + 56985, -4*n - 2*y = -69022. Suppose -62*b + n = -38*b. What is the units digit of b?
9
Let n(m) be the first derivative of -44*m**2 - 418*m - 62. What is the hundreds digit of n(-18)?
1
Suppose q - 3*u - 1407 = 0, 4*u + 207 = -2*q + 2971. What is the units digit of q?
2
Let p = 361 + -357. Suppose 0 - 6 = -3*q, 5*q - 2046 = -p*b. What is the hundreds digit of b?
5
Suppose 5*f + 10 = 0, 2*x + 3*f + 2 = -2*x. Let a be (x - 1)/(13/(-13)). Suppose a = 20*z - 23*z + 465. What is the hundreds digit of z?
1
Suppose -342 = -6*u - 72. Suppose 5 = 5*m + u. What is the units digit o